is divided by 69?
57
What is the remainder when 4878 is divided by 1558?
204
What is the remainder when 30374 is divided by 239?
21
Calculate the remainder when 7138 is divided by 3566.
6
What is the remainder when 37010 is divided by 403?
337
Calculate the remainder when 29905 is divided by 5938.
215
What is the remainder when 1175 is divided by 187?
53
Calculate the remainder when 41441 is divided by 471.
464
Calculate the remainder when 3730 is divided by 81.
4
What is the remainder when 5080 is divided by 724?
12
Calculate the remainder when 98441 is divided by 2138.
93
Calculate the remainder when 28631 is divided by 17.
3
Calculate the remainder when 668 is divided by 126.
38
Calculate the remainder when 30272 is divided by 116.
112
Calculate the remainder when 46579 is divided by 291.
19
What is the remainder when 1250638 is divided by 180?
178
Calculate the remainder when 31327 is divided by 1566.
7
What is the remainder when 355832 is divided by 29651?
20
What is the remainder when 1874 is divided by 188?
182
What is the remainder when 770 is divided by 255?
5
What is the remainder when 9459764 is divided by 531?
530
Calculate the remainder when 702 is divided by 697.
5
What is the remainder when 6742 is divided by 6724?
18
What is the remainder when 30573 is divided by 111?
48
What is the remainder when 233213 is divided by 65?
58
Calculate the remainder when 10552 is divided by 58.
54
Calculate the remainder when 73228 is divided by 73223.
5
Calculate the remainder when 18460 is divided by 2306.
12
What is the remainder when 88499 is divided by 15?
14
Calculate the remainder when 1543 is divided by 37.
26
What is the remainder when 1007 is divided by 398?
211
Calculate the remainder when 61385 is divided by 30678.
29
Calculate the remainder when 106580 is divided by 322.
320
Calculate the remainder when 4709 is divided by 60.
29
What is the remainder when 140489 is divided by 46825?
14
Calculate the remainder when 11722 is divided by 1065.
7
Calculate the remainder when 38336 is divided by 400.
336
Calculate the remainder when 113159 is divided by 40.
39
Calculate the remainder when 89202 is divided by 3568.
2
Calculate the remainder when 79922 is divided by 106.
104
Calculate the remainder when 90021 is divided by 437.
436
Calculate the remainder when 45594 is divided by 15171.
81
Calculate the remainder when 6792 is divided by 380.
332
What is the remainder when 31503 is divided by 23?
16
Calculate the remainder when 624259 is divided by 28.
27
What is the remainder when 24491 is divided by 153?
11
Calculate the remainder when 4344 is divided by 1229.
657
Calculate the remainder when 206398 is divided by 30.
28
What is the remainder when 513691 is divided by 8421?
10
Calculate the remainder when 23002 is divided by 107.
104
What is the remainder when 232101 is divided by 138?
123
What is the remainder when 9344 is divided by 4669?
6
What is the remainder when 514828 is divided by 23?
19
What is the remainder when 7457 is divided by 930?
17
What is the remainder when 58676 is divided by 29303?
70
Calculate the remainder when 1785 is divided by 1559.
226
Calculate the remainder when 25089 is divided by 3130.
49
Calculate the remainder when 123546 is divided by 24708.
6
Calculate the remainder when 1148 is divided by 399.
350
What is the remainder when 763 is divided by 82?
25
What is the remainder when 3743121 is divided by 6?
3
What is the remainder when 660 is divided by 323?
14
What is the remainder when 3268 is divided by 70?
48
What is the remainder when 1286997 is divided by 83?
82
Calculate the remainder when 22634 is divided by 382.
96
Calculate the remainder when 442677 is divided by 389.
384
Calculate the remainder when 171577 is divided by 279.
271
What is the remainder when 53500 is divided by 482?
480
Calculate the remainder when 277 is divided by 4.
1
What is the remainder when 6797 is divided by 3337?
123
What is the remainder when 59395 is divided by 62?
61
What is the remainder when 2338 is divided by 26?
24
Calculate the remainder when 671 is divided by 340.
331
Calculate the remainder when 155496 is divided by 3987.
3
What is the remainder when 125360 is divided by 443?
434
What is the remainder when 8136 is divided by 82?
18
Calculate the remainder when 1823391 is divided by 143.
141
Calculate the remainder when 462 is divided by 90.
12
What is the remainder when 1930 is divided by 84?
82
Calculate the remainder when 316 is divided by 84.
64
What is the remainder when 51514 is divided by 173?
133
Calculate the remainder when 31320 is divided by 159.
156
What is the remainder when 10891 is divided by 448?
139
Calculate the remainder when 20481 is divided by 7.
6
What is the remainder when 2619 is divided by 83?
46
Calculate the remainder when 869 is divided by 437.
432
What is the remainder when 747 is divided by 4?
3
Calculate the remainder when 50 is divided by 35.
15
Calculate the remainder when 472 is divided by 9.
4
Calculate the remainder when 5111 is divided by 420.
71
What is the remainder when 10194053 is divided by 1172?
1169
Calculate the remainder when 2888 is divided by 428.
320
Calculate the remainder when 31260 is divided by 84.
12
Calculate the remainder when 31242 is divided by 93.
87
What is the remainder when 19546 is divided by 978?
964
What is the remainder when 48895 is divided by 12210?
55
What is the remainder when 2924 is divided by 18?
8
Calculate the remainder when 817659 is divided by 10.
9
Calculate the remainder when 2306 is divided by 113.
46
Calculate the remainder when 497380 is divided by 787.
783
What is the remainder when 9039 is divided by 230?
69
Calculate the remainder when 20378 is divided by 20305.
73
What is the remainder when 49058 is divided by 81?
53
What is the remainder when 896 is divided by 891?
5
What is the remainder when 10543 is divided by 27?
13
What is the remainder when 3674463 is divided by 139?
137
Calculate the remainder when 704885 is divided by 13.
12
Calculate the remainder when 217679 is divided by 16744.
7
Calculate the remainder when 18090 is divided by 2457.
891
What is the remainder when 43878 is divided by 457?
6
Calculate the remainder when 44041 is divided by 1468.
1
What is the remainder when 5950 is divided by 15?
10
Calculate the remainder when 5249 is divided by 324.
65
What is the remainder when 55944 is divided by 76?
8
What is the remainder when 2339 is divided by 775?
14
What is the remainder when 94403 is divided by 33?
23
What is the remainder when 11976 is divided by 2394?
6
Calculate the remainder when 42198 is divided by 8429.
53
Calculate the remainder when 164691 is divided by 4.
3
What is the remainder when 19065 is divided by 1059?
3
Calculate the remainder when 15417 is divided by 514.
511
Calculate the remainder when 73858 is divided by 59.
49
What is the remainder when 4587 is divided by 4406?
181
What is the remainder when 11601 is divided by 53?
47
Calculate the remainder when 1708 is divided by 422.
20
What is the remainder when 15823 is divided by 15726?
97
Calculate the remainder when 645910 is divided by 46136.
6
Calculate the remainder when 857403 is divided by 363.
360
Calculate the remainder when 219668 is divided by 69.
41
Calculate the remainder when 317918 is divided by 60.
38
Calculate the remainder when 3820 is divided by 1319.
1182
What is the remainder when 178581 is divided by 263?
4
Calculate the remainder when 86675 is divided by 62.
61
What is the remainder when 14264 is divided by 397?
369
What is the remainder when 1255 is divided by 311?
11
What is the remainder when 151992 is divided by 28?
8
Calculate the remainder when 4680 is divided by 476.
396
Calculate the remainder when 906 is divided by 644.
262
What is the remainder when 1445564 is divided by 14?
8
What is the remainder when 100626 is divided by 340?
326
Calculate the remainder when 40974 is divided by 81.
69
Calculate the remainder when 1130270 is divided by 725.
720
Calculate the remainder when 60296 is divided by 59.
57
Calculate the remainder when 237076 is divided by 383.
382
What is the remainder when 3354 is divided by 456?
162
Calculate the remainder when 1376968 is divided by 249.
247
Calculate the remainder when 4040 is divided 